 = l**3 + 7*l**2 - 2*l - 9. Let d be p(-7). Suppose z - 3*o - 3 = -0*z, -d*o = -20. What is the units digit of (z/10)/((-3)/(-10))?
5
Let l be ((-48)/36)/(4/(-30)). Let m(o) = -25*o**3 + 11*o**2 + 24 + l*o**2 + 24*o**3. What is the tens digit of m(21)?
2
Suppose -492 = -i - g - g, 0 = -5*i - 5*g + 2455. Let w = 548 - i. What is the tens digit of w?
5
Let n(y) = -966*y + 25*y**2 + 27*y**2 + 13 + 969*y. What is the tens digit of n(-4)?
3
Suppose -7*v - 22 = -1. Let l(u) = -u**3 - 4*u**2 - u + 2. Let o be l(v). What is the hundreds digit of (0 - 2 - -105) + (-4)/o?
1
Let b(a) = -4*a - 20. Let f be (-5)/((4/4)/1). Let d be b(f). Suppose -z + 70 = -d*z. What is the tens digit of z?
7
Let i = 115245 - 52401. What is the tens digit of i?
4
Let o be 0*(16/4)/(-12). Suppose o*p - f - 1740 = -4*p, 3*p - 1314 = 3*f. What is the units digit of p?
4
Let i = 37694 - 20094. What is the hundreds digit of i?
6
Suppose -1171*n + 1172*n = 16. Suppose 3*s + o = 2305, 11*o - n*o = -3*s + 2335. What is the hundreds digit of s?
7
Suppose -25*i + 132824 + 65826 = 0. What is the hundreds digit of i?
9
Suppose 4*a - 2*v = -4*v + 17722, -7*a = 2*v - 31009. What is the tens digit of a?
2
What is the units digit of ((-2608)/10)/((-2)/40)?
6
What is the thousands digit of (-12)/(-2) - (-10 - (13 + 8324))?
8
Suppose -7*g + 3*g - 2356 = -2*b, -g = 4*b - 4739. What is the tens digit of b?
8
Let u(n) = n**3 - 20*n**2 - 21*n - 20. Let x be u(21). Let s(m) = -m - 8. Let w be s(x). Suppose -11*d + 210 - w = 0. What is the tens digit of d?
1
Suppose -1614 = -34*z + 32*z + 3*w, 5*z = -w + 4035. What is the units digit of z?
7
Let i be ((-483)/(-115))/(2/10). Let f = 94 - i. Suppose 55 + f = 2*r. What is the tens digit of r?
6
Suppose r + 2*z = 25542, -13*r - 2*z = -9*r - 102132. What is the thousands digit of r?
5
Let m be (17/5*2)/(12/60). Suppose 0 = -m*w + 39*w - 585. What is the units digit of w?
7
Suppose 16 = h + 13. Suppose -n + 5*k = -3*n - 293, 0 = h*n + 4*k + 429. Let s = n + 245. What is the tens digit of s?
0
What is the units digit of 73878/3 + 333/(-117) + 20/(-130)?
3
Suppose 0 = -16*u + 21 - 85. Let k be (u*3/(-18))/(2/48). What is the units digit of 761/7 + k/56?
9
Let y be (90/(-4))/((-30)/160). Let i(h) = -3*h**2 - 75*h + 48. Let l be i(-23). Let z = l - y. What is the units digit of z?
6
Let k(a) = 24*a**2 + 4. Let t(z) be the third derivative of -z**5/60 + z**4/2 + 11*z**3/6 - 28*z**2. Let o be t(13). What is the hundreds digit of k(o)?
1
Suppose -4*l - n - 9 - 2 = 0, 2*l - n + 7 = 0. What is the tens digit of 1195*(l/(-7) - 12/(-70))?
1
Let d = 239 - 411. What is the tens digit of (-2 - 13/(-4)) + (-136181)/d?
9
Let b be 6/21 - (-760)/(-14). Let g be ((-4)/6)/(18/b). Suppose -g*d - 3*p + 125 = 0, -3*p = 2*d + p - 126. What is the tens digit of d?
6
Let j(z) = -83*z - 14. Let w be j(-8). Let q = 955 - w. Suppose 2*k + u = 111, 8*k - q = 3*k + 3*u. What is the tens digit of k?
5
Let t = -245 - -245. Suppose 0 = -m + 2*j + 138, t = -0*m - 3*m + 5*j + 414. What is the units digit of m?
8
Let m(z) be the third derivative of z**7/1260 + 23*z**6/144 + 7*z**5/30 + 6*z**2. Let a(t) be the third derivative of m(t). What is the hundreds digit of a(0)?
1
Suppose 3*g = -15, -5*t + 6*g + 40 = g. Suppose -5*z + 366 = -419. Suppose 0 = t*b - 7 - 2, -b - z = -2*q. What is the tens digit of q?
8
Let s = 32 + -30. Suppose 5*i - 368 = -5*w + w, -s*i + 380 = 4*w. What is the tens digit of w?
9
Let b be 150/20*3*(-2)/9. What is the hundreds digit of ((-69)/2)/(-5*b/(-600))?
8
Let t = -157 + 241. Let o = t + 118. What is the tens digit of o?
0
Suppose -52*b + 46*b + 684 = 0. Suppose 17*p + b = 8393. What is the units digit of p?
7
Suppose 18*t - 24*t = 97*t - 2123242. What is the hundreds digit of t?
6
Let o = 88 + -64. Suppose o - 1974 = -5*j. Suppose -5*t + 2*t + j = 0. What is the units digit of t?
0
Suppose 3*y + 2*f + 14 = 0, 4*f = 5*f - 2. What is the units digit of ((-17)/3 - y)*309?
3
Suppose 10699 = -17*z + 3899. Let m = z + 1018. What is the hundreds digit of m?
6
Let y = -77 - -285. Suppose 0 = -13*v + 14*v - y. Suppose -2*u + 3*t + 2*t + 143 = 0, 0 = 3*u - t - v. What is the units digit of u?
9
Suppose -3*o + 237 = 75. Let h = -52 + o. Suppose 0 = p - h*p + 75. What is the tens digit of p?
7
Let g be -7 - 1344/(-136) - (-6)/51. Suppose -5*f + a + 2866 = 0, 3*f = -2*f + g*a + 2868. What is the units digit of f?
3
Let u be (-9)/((-27)/42) - 1. Suppose -q - 6 = -5*r, 2*q - 5 - u = -5*r. Suppose -5*z - 3*a - 2 + 1 = 0, r*z + 3*a = -4. What is the units digit of z?
1
Let k = 11751 - 6157. What is the thousands digit of k?
5
Suppose 3820*t - 123510 = 3774*t. What is the units digit of t?
5
Let v = -85 + 24. Let p = 66 + v. Suppose 1544 = -p*i + 13*i. What is the tens digit of i?
9
Suppose -26 = 4*h - 10, h = 5*b - 304. Suppose 2135 = -b*m + 67*m. What is the hundreds digit of m?
3
Suppose -j + 3*d = 4*j + 41, -4*j - 36 = -4*d. Let t(c) = -c + 143. What is the hundreds digit of t(j)?
1
What is the tens digit of 94128/168*(-14)/(-4)?
6
Suppose -7*z = 4*c - 9*z - 215016, 3*c - 3*z = 161274. What is the units digit of c?
0
Let m(t) = 132*t**2 - 213*t + 4152. What is the hundreds digit of m(21)?
8
What is the units digit of ((-141800)/16 + -5)*(-28)/35?
4
What is the hundreds digit of 244743/(-46)*(-8)/12?
5
Suppose -9*r + 7*r + 16 = 0. Suppose r*n - 3*n = -120. Let h = -10 - n. What is the tens digit of h?
1
Suppose -680 = -o - 2*s - 165, 0 = o - 4*s - 533. Suppose -x = -672 - o. What is the hundreds digit of x?
1
Let z = -1843 + 1292. Let l = z - -1596. What is the hundreds digit of l?
0
Suppose 0 = -8*x + 9 - 57. Let a(m) = -m**2 + m + 1. Let d(u) = -7*u**2 + 2*u + 20. Let p(n) = 3*a(n) - d(n). What is the hundreds digit of p(x)?
1
What is the hundreds digit of (-1 + -11)*(-1)/6*2851?
7
Let a be (2 - 3)*(-22)/(-1). Let b(n) = -13*n + 48. Let g(q) = -2*q. Let s(i) = b(i) - 6*g(i). What is the units digit of s(a)?
0
Let l(w) = 238*w**3 + 1. Let p be l(-1). Let m be 27*((-728)/42 - -4). Let n = p - m. What is the tens digit of n?
2
Suppose -4*l = 3*m - 84318, 0 = 4*l + 837*m - 833*m - 84316. What is the units digit of l?
1
Let i be (-2)/(-9) + 151*2/18. Suppose 19*l + i = 20*l. Suppose 3*u = -3*q + 12, -2*u + q + l = -0*q. What is the units digit of u?
7
Suppose -g - 5*z + 43 = 2*g, 2*g - 20 = z. Suppose -y = -g*y + 9250. What is the hundreds digit of y?
9
Let t(o) = o**3 + o**2 + 26*o + 15474. What is the thousands digit of t(0)?
5
Suppose 4*f + 685 = -4*d + 285, 0 = -2*f + d - 203. Let n be 4/(-16) - (-441)/(-12). Let y = n - f. What is the units digit of y?
4
Let t be (-46)/(-6) - (40/(-24))/5. What is the hundreds digit of t/(-6)*-2*2565/10?
6
Let v(c) = 17 - 6*c**2 + 4*c**2 - 4*c + 0*c**2 + 3*c**2. What is the tens digit of v(9)?
6
Let a = 16005 + -9272. What is the thousands digit of a?
6
Let l = -680 + 523. What is the units digit of -8*(l/2 + (-42)/(-14))?
4
Suppose 77 = 2*n - 99. Suppose 5*o - 110 = -0*o - 5*p, -2*p = -4*o + n. Let z = o - -1. What is the units digit of z?
3
Let d(f) = 5254*f**2 - 23*f + 14. What is the thousands digit of d(-2)?
1
Let i(s) = 22*s**2 - 7*s + 32. Let j be i(8). Suppose -13*k = j - 4816. What is the hundreds digit of k?
2
Suppose 2399 = 2*w - 1711. Suppose -759 - w = -6*o. What is the tens digit of o?
6
Let n(q) = 3*q**2 + 139*q - 61. Let z be n(-47). What is the tens digit of (1752/(-72))/(((-5)/z)/5)?
0
Let f be (2 + 8/3)*12/14. Suppose -6*k - m = -k + 4, m = -f*k - 4. Suppose -3*u + k*u = -252. What is the tens digit of u?
8
Suppose 7*i = 27*i - 20. Let o(q) = 344*q**2 - 3*q. What is the tens digit of o(i)?
4
Suppose 125526 = -89*i + 105*i - 54666. What is the units digit of i?
2
Let n = -124 - -340. Suppose 4*k + n + 120 = 4*c, 5*k = 4*c - 418. Let y = -41 - k. What is the units digit of y?
1
Let v = -47 - -20. Let o be (-483)/(-13) - 26/169. Let n = v + o. What is the units digit of n?
0
Let t(u) = -2*u + 14. Let h(x) = -2*x + 1. Let s(p) = -5*h(p) + t(p). What is the units digit of s(9)?
1
Let x(b) = b**3 - 6*b**2 - 2*b - 6. Let h be x(8). Let k(m) = -m**3 - 4*m**2 - 9*m - 48. Let g be k(-4). Let y = h + g. What is the tens digit of y?
9
What is the units digit of (-67748)/(-20) + (-14)/10 + 1 - 1?
6
Let a = -520 + 535. Suppose a*v